e n(0). What is the greatest common factor of 3 and c?
3
Let z(j) = -12*j + 252. Let i be z(-9). Calculate the highest common divisor of 45 and i.
45
Let r = -63 + -46. Suppose -5*s - 319 + 24 = 0. Let c = s - r. What is the greatest common factor of 20 and c?
10
Suppose 192 = 4*o - 0*o. Let u be (-5)/(-20) + (-26)/8. Let d be 69 + ((-45)/u)/5. Calculate the highest common divisor of d and o.
24
Suppose 0 = -3*u + 15 - 3. Suppose 3*z = u*s - 3*s + 59, -4*z = -5*s - 75. Calculate the greatest common divisor of z and 20.
20
Suppose -5*t = -7*t - 8*t. Suppose t*g + 8*g - 672 = 0. Calculate the highest common divisor of 56 and g.
28
Let p be 5 - (-96)/(-21) - (-156)/(-21). Let m(i) = -i**2 - 12*i - 9. Let h be m(p). What is the greatest common divisor of 78 and h?
26
Let d be (-2)/(-30)*617 - (-346)/(-2595). What is the greatest common factor of 2993 and d?
41
Let o = -234 - -240. Calculate the greatest common divisor of o and 15.
3
Let f be ((-6486)/92)/(3/(-8)). What is the highest common divisor of 47 and f?
47
Let d be ((-1)/3)/((-1)/2265). Suppose 2*n + u = 377, 4*n + 4*u = 3*u + d. Let s = -26 + 47. What is the highest common divisor of n and s?
21
Let c be (-5)/((25/(-15))/(8/12)). Let l = -14 - -17. What is the highest common factor of l and c?
1
Let b be (-69)/2*(-56)/(-3 + 7). Calculate the greatest common divisor of 69 and b.
69
Suppose -2*k = -0*x + 5*x + 1821, 2*k - 2*x + 1842 = 0. Let c be ((-6)/(-9))/(3/k*-4). Calculate the greatest common factor of 17 and c.
17
Let i = -1179 - -1184. What is the greatest common factor of 280 and i?
5
Let q = -2331 - -2396. What is the highest common divisor of 195 and q?
65
Suppose 0 = 4*h - 0*h - 828. Let s(x) = 2*x + 63. Let w be s(-20). What is the highest common factor of h and w?
23
Suppose 2*y + 10 = -28. Suppose 3*a - 2*a - 64 = 0. Let g = a + y. Calculate the highest common divisor of 18 and g.
9
Let y(f) = -10*f - 7. Suppose -4*g + j = 5, 0 = 5*g - j - 3*j - 2. Let l be y(g). What is the highest common factor of l and 52?
13
Let b(r) = 29*r**2 + 3*r. Let p = 16 + -18. Let t be b(p). Calculate the greatest common divisor of t and 10.
10
Let z = -25 + 19. Let f = 5 - -3. Let j = f - z. What is the highest common factor of j and 98?
14
Let n(g) = 4*g + 35. Let l(d) = d**3 + d**2 + 2*d + 1. Let c be l(-2). Let a be n(c). What is the highest common factor of a and 35?
7
Let c = -2360 - -2423. Calculate the greatest common factor of 756 and c.
63
Let x be -65*4/((-32)/24). What is the greatest common factor of 15 and x?
15
Let n(a) = a**3 + 27*a**2 + 120*a - 2. Let t be n(-21). Calculate the highest common factor of t and 4.
4
Let y(b) = b**3 + 10*b**2 + 12*b + 18. Let z be y(-6). Calculate the highest common factor of z and 40.
10
Suppose 97*y - 69*y = 3136. What is the greatest common factor of 64 and y?
16
Let s(y) = -y**2 + 23*y - 22. Suppose -g + 48 = 2*g. Let m be s(g). Calculate the greatest common divisor of m and 36.
18
Let p be 9*-5*4/(-30). Suppose -p*y + 1452 = -2*y. Suppose i - y = -2*i. Calculate the highest common divisor of i and 11.
11
Suppose -27*i + 5687 = -739. Calculate the highest common divisor of i and 49.
7
Let x be 13/26*(435 + -1) - 2. Calculate the highest common divisor of 86 and x.
43
Let p = -57 + 61. Suppose 0 = p*u + 36 - 240. What is the highest common divisor of u and 459?
51
Let j(g) = 3*g**3 + 4*g**2 - 7*g + 9. Let t be j(2). Calculate the greatest common divisor of t and 1435.
35
Let x(i) = 7*i - 6 - 4*i - 7*i - 10*i. Let t be x(-5). Calculate the greatest common divisor of 48 and t.
16
Suppose z - 10 + 12 = 0. Let k(d) = 2*d**2 - 5*d - 4. Let c be k(z). Suppose -4*p + 101 = -39. What is the highest common factor of c and p?
7
Let k = -3 + 19. Let h be ((312/k)/13)/(6/136). Calculate the highest common factor of 2 and h.
2
Suppose -2*s + 421 = -5*x, -11*x + 7*x - 614 = -3*s. What is the greatest common divisor of 36 and s?
18
Suppose 3*j - 134 = 16. Suppose 5*r + 0*r - j = 0. Suppose 5*k = 4*t - 7*t - 19, -3*t + 4*k + 26 = 0. Calculate the greatest common divisor of t and r.
2
Let k(j) = j + 1. Let x be k(1). Let d be -4 - -1 - (-2 - (x - -91)). Calculate the highest common factor of d and 23.
23
Suppose 17*z - 469 = 500. Calculate the highest common factor of z and 76.
19
Suppose -4*i - 6*j = -2*j - 380, -5*i + j + 481 = 0. Calculate the greatest common divisor of 336 and i.
48
Suppose -4*m - 21 = -1. Let n be (-946)/(-55) + 1/m. Let w = 64 - -55. What is the greatest common divisor of w and n?
17
Let m(y) = y**2 - 7*y + 11. Let t be m(6). Suppose -t*p + 0*p + 165 = 0. Calculate the greatest common factor of 3 and p.
3
Suppose r = 1, p - 3*r = 2*r + 5. Calculate the highest common divisor of 70 and p.
10
Suppose 1288 = 21*n - 98. Let a = 38 + -32. What is the greatest common factor of a and n?
6
Let g be -1 + -3 - (-3 + -1). Suppose -5*p - f + 3304 = g, -p + 754 - 86 = 2*f. Suppose 0 = 7*w - 2*w - p. Calculate the greatest common divisor of 12 and w.
12
Let n(a) = -a**3 - 8*a**2 + 20*a + 21. Let r be 1/2*(-8 - 12). Let m be n(r). Calculate the highest common divisor of m and 168.
21
Let d be 2/(-9) + (-2)/(-9). Suppose -6*a + d*a = -84. Calculate the highest common divisor of a and 2.
2
Suppose -1509 = -14*h - 207. Calculate the greatest common factor of 3 and h.
3
Let f(p) = p**2 - 5*p - 5. Let o be f(7). Suppose 5*h - o = 3*v + 3, 3*h = 4*v + 5. What is the greatest common factor of 21 and h?
3
Suppose -9*b + 4*b + 196 = 3*n, 0 = n + 4*b - 56. What is the highest common factor of 9 and n?
9
Suppose 11 + 45 = 7*t. Let b be 1/(-6) + (-3099)/(-18). Suppose -c + 44 = -3*d, -2*c = -5*c - d + b. Calculate the greatest common divisor of c and t.
8
Suppose m - 11 - 2 = 0. Suppose 17 - m = 2*t. Let f(k) = 7*k. Let j be f(t). What is the greatest common divisor of j and 14?
14
Let y be -2 - (-9 - (1 + -4)). Let g(i) = 7*i - 1. Let p be g(y). Let r = -2 + p. Calculate the highest common divisor of 25 and r.
25
Let k(j) = 55*j + 90. Let n be k(2). Calculate the greatest common factor of 240 and n.
40
Suppose -g = -4*w + 220, -2*w = -w - 4*g - 40. Suppose -j + w = 3*j. Calculate the greatest common divisor of j and 112.
14
Suppose -89 - 219 = -22*i. Calculate the highest common factor of i and 574.
14
Let d(u) = 2*u**2 - 20*u. Let n be d(10). Suppose -5*y + 3*s = 2, 3*y - s + 1 - 3 = n. Suppose -2*j + y = -28. What is the highest common divisor of 30 and j?
15
Let d(z) = z**3 - 6*z**2 - 2*z + 15. Let o be d(5). Let v be 5/(o/(-204)) + 3. Calculate the greatest common divisor of 135 and v.
27
Let t(m) = 34*m - 52. Let g be t(4). What is the highest common factor of g and 48?
12
Let k = 549 + -539. Calculate the greatest common factor of 4 and k.
2
Let i be 8 - (2/(-2) - 72). Calculate the highest common divisor of i and 135.
27
Suppose 8*n + 4*p - 25 = 3*n, 5*n - 3*p = 60. Let s be ((-75)/n*-3)/1. Calculate the highest common divisor of 125 and s.
25
Suppose -2*h + 80 = -2*r, 0 = 4*h + 2*r - 243 + 77. Calculate the highest common factor of 533 and h.
41
Suppose -11*i + 549 = -1431. What is the greatest common divisor of i and 40?
20
Let c be (-1953)/(-33) + (-4)/22. Suppose -128 - c = -m. Suppose -5*q - 25 = 0, -5*f - q - 3*q + 65 = 0. Calculate the greatest common divisor of m and f.
17
Suppose 25*u = 723 + 2852. What is the greatest common divisor of u and 11?
11
Suppose 0 = n - 4*v - 241, 0*v + 4*v = -20. What is the highest common factor of 13 and n?
13
Let t(q) = q**3 - 10 + 6*q**2 + 2*q - 8*q**2 - 6*q**2. Let s be t(8). Suppose 31 = 2*n - 29. Calculate the highest common divisor of n and s.
6
Let w(q) = 2*q**3 - 56*q**2 - 2*q + 77. Let n be w(28). Calculate the greatest common factor of n and 77.
7
Let v(x) = x**2 + 16. Let b be v(-16). What is the greatest common factor of 64 and b?
16
Let v(w) = -w**2 + 30*w + 55. Let x be v(15). Calculate the greatest common factor of x and 60.
20
Suppose v + 2 + 7 = 0. Let f be 1/(((-36)/8)/v). Let c(k) = k + 8. Let j be c(f). Calculate the greatest common factor of 40 and j.
10
Let y = 1847 + -1763. What is the greatest common divisor of y and 228?
12
Let k(j) = 2*j**2 + 26*j - 241. Let f be k(9). What is the greatest common factor of f and 31?
31
Let f = 25 + -25. Let s be 4 + f + 35 - -3. Calculate the greatest common